et s(c) = c**3 + 8*c**2 - 3*c + 8. Let g be -7 + (-2 - -3 - 1). What is the tens digit of s(g)?
7
What is the hundreds digit of 275/(-100)*(2 + -170)?
4
Suppose -3*f + 2*f = -2. Let c(q) = 4*q. Let z be c(f). What is the tens digit of (0 - 3 - z)*-1?
1
Let c = 897 - -2886. What is the units digit of c?
3
Let f(q) = -q**2 - 6*q. Let r be f(-5). Suppose r*j = 12 - 212. What is the tens digit of (-3)/(18/j)*3?
2
Let j(d) be the first derivative of 21*d**4/4 + d**3/3 - 2*d**2 + 2*d - 17. What is the tens digit of j(2)?
6
Let l(z) = -4*z - 13. Let d be l(-6). Let m = d - 5. Suppose -1 = -m*h + 5*h. What is the units digit of h?
1
Let u = -2299 + 4257. What is the tens digit of u?
5
Let l(o) = o**3 - 19*o**2 + 34*o + 14. Let z be l(17). Suppose z*y = 18*y - 172. What is the units digit of y?
3
Let f(k) = -k**2 + k + 4. Let n be f(0). Suppose n*t - 3*p = -8, -p + 9 = 2*t + 3. What is the tens digit of (t/5)/(10/3050)?
6
Let p be 10/25 - 16/(-10). Suppose 0 = -5*b - r - 14 + 743, -2*r = p. What is the hundreds digit of b?
1
Let m = 10325 + -4792. What is the tens digit of m?
3
What is the units digit of 1/(-2 - 2/((-92)/94))?
3
Let c(i) = -13*i + 60. What is the tens digit of c(-24)?
7
Let r(h) = -h**3 + 4*h**2 + 7*h - 10. Let j(t) = -t + 13. Let y be j(9). Let m be r(y). Let f = 47 - m. What is the tens digit of f?
2
Suppose 4 - 10 = -i + 2*j, -2 = -j. Suppose -6*n + i = -518. Suppose 3*k - 140 = -3*t + n, -4*t + 308 = 5*k. What is the tens digit of t?
7
Let v(z) = 3*z**2 + z. Let j be v(1). Suppose -j*k = 9 - 45. Let r = 6 + k. What is the units digit of r?
5
Suppose 2*l - 87 = 5*l. Let c = l + 48. What is the units digit of c?
9
Suppose -118 - 113 = -a. What is the hundreds digit of a?
2
What is the hundreds digit of (-25)/(9 + (-1305)/144)?
4
Let w(f) be the second derivative of 125*f**3/6 - 26*f. What is the hundreds digit of w(1)?
1
Let s = 41 + -51. Let m(z) = 19 + 12 - 9 + z. What is the units digit of m(s)?
2
Let v(y) = -55*y**3 - 5*y**2 + 4*y + 6. What is the tens digit of v(-3)?
3
Let c(q) = q**2 - 6*q + 12. Suppose 12*v - 24 = 9*v. What is the units digit of c(v)?
8
What is the tens digit of (2 + (-7)/(14/6))*-1608?
0
Let l = 1628 + -803. What is the units digit of l?
5
Suppose 2*i - 189 - 425 = w, -5*w + 1200 = 4*i. What is the units digit of i?
5
What is the hundreds digit of (38/(-57))/(2/(-687))?
2
Let a(p) = 4*p**3 - p**2 + p. Let b be a(1). Suppose -f + 190 = -0*f + 4*q, 0 = -b*f + 4*q + 660. What is the tens digit of f?
7
Let s(i) be the first derivative of 10*i**2 - 3*i - 172. Let q = 6 + -4. What is the units digit of s(q)?
7
Suppose -3130 - 237 = -7*o. What is the tens digit of o?
8
Let x = -1300 + 3407. What is the units digit of x?
7
Let u(k) be the first derivative of -9*k**2/2 - 23*k + 20. What is the tens digit of u(-4)?
1
Let m = 492 - 325. What is the units digit of m?
7
Let a(t) = -4*t - t**2 + 2*t**3 + t**2 + 3. Let r(k) = -k**3 + 3*k**2 + 2. Let q be r(3). What is the tens digit of a(q)?
1
What is the thousands digit of -13 + 11 - (3/3 + -3800)?
3
Let q(t) = 2*t**2 + 19*t - 44. What is the tens digit of q(3)?
3
Let v(g) be the first derivative of g**2/2 + 5*g + 5. Let m be v(-5). Suppose m = -2*c - o - 0 + 3, -5*o + 10 = 5*c. What is the units digit of c?
1
Suppose -3*f = -5*f - 2*w + 3180, -3*w = 0. Suppose 6*s - s - f = 0. What is the hundreds digit of s?
3
Let r = -3 + 7. Let i(c) = 2*c + 7. Let z be i(r). Suppose 3*p = z + 45. What is the units digit of p?
0
Suppose -79 = -5*o - 29. Suppose -l - 11 = -3*a, 5*l = 3*l + 2*a - o. What is the tens digit of (-52)/l - (-12)/(-6)?
2
Suppose -n + 3*t = -7, 3*n + 0*t = 2*t + 7. Let x be 28*n - (-1 - -1). Let w = 8 + x. What is the units digit of w?
6
Let j = -2 + 3. Let w be (1 - -7)*j/2. Suppose c - 2 = -c, r - 3 = w*c. What is the units digit of r?
7
Let d(s) be the first derivative of s**4/4 + 4*s**3 - 3*s**2/2 - 6. Let z be d(-12). Let b = -10 + z. What is the tens digit of b?
2
Suppose -23*b - 2820 = -43346. What is the thousands digit of b?
1
What is the hundreds digit of (394650/270)/((-1)/(-3))?
3
Suppose w = 4*v - 482, v = -3*v + 5*w + 474. What is the hundreds digit of v?
1
Suppose -4*z = z - 30. Suppose 8*y = 5*i + 9*y - 21, -4*i + 4*y = -12. What is the tens digit of (45/i)/(z/16)?
3
Suppose 4*h - 4*m - 524 = 0, 208 = 3*h - 4*m - 185. What is the hundreds digit of h?
1
Let r(p) be the second derivative of -p**4/12 + 7*p**3/6 + 7*p**2/2 - p. Let c = 174 - 169. What is the units digit of r(c)?
7
Let x = -3349 - -5222. What is the units digit of x?
3
Suppose 2382 - 7726 = -8*r. What is the units digit of r?
8
What is the hundreds digit of ((-16)/48)/(2/(-3636))?
6
Let s = -57 - -118. Suppose -3*y + 2*m = -s, -4*m = y - 2*m - 23. What is the tens digit of y?
2
Suppose 2*s - q + 7 = 0, -q = 4*s + 8 + 9. Let m(p) = -p**3 - 2*p**2 - 8*p - 12. What is the tens digit of m(s)?
5
Suppose 16*q - 766 - 274 = 0. What is the units digit of q?
5
Let w = 50 + -96. Let a = 183 + w. What is the tens digit of a?
3
Suppose -4*w + 248 = t, 5*t - 2*t + w = 755. What is the tens digit of t?
5
Let k(d) = -181*d**3 - 6*d**2 - 7*d. What is the units digit of k(-1)?
2
Suppose -4*g - 4 = -8. Let i(h) = -3*h**2 + h**3 + 2*h - 5*h**2 - 2 + g - 2. What is the units digit of i(8)?
3
Suppose 40 = 6*d - 10*d. Let u(s) = 2*s**2 + 4*s + 11. What is the units digit of u(d)?
1
Let o(c) = -11*c**3 - 7*c**2 - 7*c - 4. Let u(d) = -5*d**3 - 4*d**2 - 3*d - 2. Let h(g) = -4*o(g) + 9*u(g). What is the units digit of h(-9)?
0
Suppose 3*f = 2*a - 1 - 4, 0 = 4*a - 5*f - 15. Let w be -2 + a + -2 + -2. Suppose -q = w*q - 90. What is the tens digit of q?
1
Let n(x) = -x**3 + 24*x**2 + 22*x - 82. What is the hundreds digit of n(23)?
9
Let l(o) be the first derivative of -o**3/3 + 5*o**2 + 12*o - 14. What is the units digit of l(8)?
8
Let a = 936 + -416. What is the tens digit of a?
2
Suppose -3*t - 2*a + 668 = -591, 2*t = -5*a + 843. What is the units digit of t?
9
Suppose -8660 + 2615 = -13*f. What is the units digit of f?
5
Let c be 3/3*3 - -1. Let l(w) = -4 - 4*w + 10 - 3 + w**2. What is the units digit of l(c)?
3
Let g(y) = y**3 + 14*y**2 + 12*y - 9. Suppose -5*d = -d + 12. Let l(p) = -2*p**2 - 2*p - 1. Let n be l(d). What is the units digit of g(n)?
4
Suppose -70 = -10*a + 640. Suppose -4*u = g - a, 5*u - g = -38 + 138. What is the tens digit of u?
1
Let h = -7013 - -10734. What is the thousands digit of h?
3
What is the units digit of 4607/11 + 371/(-77) + 5?
9
What is the thousands digit of -2*1/2*16506/(-14)?
1
Let f = 8604 + -6134. What is the tens digit of f?
7
Suppose 4905 = -12*v + 21*v. What is the hundreds digit of v?
5
Let r = 40 + -51. Let s(x) = -x**3 - 10*x**2 + 7*x + 3. What is the tens digit of s(r)?
4
Suppose 3*n = q + 27, 3*q - 7*q = -n + 9. Let h = 12 - n. Suppose -2*o - o = 3*f - 72, f + h*o = 16. What is the tens digit of f?
2
Suppose -j + 203 = o - 3*o, 5*o - 25 = 0. Let r = 368 - j. What is the units digit of r?
5
Let w(m) = -m - 14. Let g be w(8). Let b be g/(-10) - 44/(-55). Suppose 69 = b*u - 21. What is the units digit of u?
0
Suppose 19*m - 8083 = 24255. What is the hundreds digit of m?
7
Suppose 4*j = 5*l + 5 + 7, 4*l - 16 = 0. Let o(d) = -395 - j*d + 395. What is the units digit of o(-2)?
6
Suppose -5*t - 160 = -2*a - 2*a, -5*t - 200 = 4*a. Let p = t - -70. What is the units digit of p?
4
Let n = -284 - -409. Let j = n - -19. Suppose j = 4*d - 0*d. What is the tens digit of d?
3
Let w be 183/(-2)*(-6)/3. Suppose 5*r + 15 = 0, w = 4*l + 2*r - 3*r. What is the units digit of l?
5
Let w = -1 - 12. Let l = w - -43. Suppose -10 + l = k. What is the tens digit of k?
2
Let b be 43 - (64/34 + 14/119). Let o = -29 + b. What is the units digit of o?
2
Let c be (88/33)/(1/6). Let u be 1 + (3 - 3 - c). What is the units digit of (-3 + u/(-9))*-15?
0
Let n = -150 + 195. What is the tens digit of n?
4
Let f = 9 - 11. Let m(z) = -2 - 5 + 6*z**2 + 0 - 2*z + 8. What is the tens digit of m(f)?
2
Let a(l) = -7 + 9 + l + 21. Let i be a(0). Suppose 3*v + 5 = i. What is the units digit of v?
6
What is the thousands digit of 8/76 - (-249942)/209?
1
Let w = -494 - -771. What is the hundreds digit of w?
2
Let i = 19 - 10. Suppose 0 = n - 3*o - 63, 1 = 5*o - i. What is the tens digit of n?
6
Suppose -2